 o(n) = -2576*n + 56063. Determine o(22).
-609
Let s(t) = -t**3 - 83*t**2 + 268*t - 15. Determine s(3).
15
Let w(o) = o**3 - 95*o**2 + 661*o - 242. Determine w(7).
73
Let l(t) = -267723*t + 803160. Calculate l(3).
-9
Let g(o) = -95941*o - 95912. What is g(-1)?
29
Let k(l) = -13*l**3 + 1191*l**2 - 3027*l + 109. Calculate k(89).
20
Let a(k) = k**3 + 47*k**2 - 151*k - 98. Calculate a(-50).
-48
Let x(o) = o**2 + 100*o + 1488. Determine x(-22).
-228
Let o(n) = -732277*n - 732296. Determine o(-1).
-19
Let f(g) = 1495*g + 67325. Calculate f(-45).
50
Let z(w) = -629*w + 8144. What is z(13)?
-33
Let y(b) = b**3 - 48*b**2 + 205*b + 549. Determine y(7).
-25
Let y(r) = r**3 - 83*r**2 - 1705*r + 464. Give y(100).
-36
Let k(f) = 8866*f + 53195. What is k(-6)?
-1
Let n(t) = 6*t**2 - 21*t - 146. Determine n(30).
4624
Let o(l) = 26*l**2 + 13440*l - 53820. What is o(4)?
356
Let f(b) = 24934*b + 3116747. What is f(-125)?
-3
Let g(k) = 2*k**2 - 6908*k - 1523394. What is g(-208)?
-2
Let d(f) = f**3 - 113*f**2 - 346*f - 207. Calculate d(116).
25
Let y(l) = -2*l**2 - 165*l + 401. What is y(-85)?
-24
Let n(r) = r**3 + 116*r**2 + 2776*r - 73. Give n(-34).
335
Let c(z) = -1310*z + 205663. Give c(157).
-7
Let p(h) = -3*h**3 - 589*h**2 + 2223*h + 4613. Determine p(-200).
13
Let y(f) = -99*f**3 - 184*f**2 - 19*f - 47. Determine y(-2).
47
Let b(q) = -1941*q - 8336. Give b(-4).
-572
Let s(x) = -11194*x + 89605. Calculate s(8).
53
Let f(b) = 689*b**3 + 2*b**2 - 359*b + 357. Calculate f(1).
689
Let j(u) = u**3 + 197*u**2 - 391*u + 1131. Determine j(-199).
-262
Let m(c) = -29*c**2 + 1188*c - 933. Calculate m(40).
187
Let h(g) = -2*g**2 - 46*g + 324. Determine h(-11).
588
Let x(i) = 586709*i + 3520254. What is x(-6)?
0
Let x(u) = -248*u + 56821. Determine x(229).
29
Let n(i) = 42*i**3 + 1527*i**2 + 547*i + 255. What is n(-36)?
3
Let r(s) = -630*s + 2204. Give r(4).
-316
Let f(p) = -13*p**2 - 23*p + 8. Calculate f(5).
-432
Let z(a) = 3*a**3 - 5*a**2 + 7*a - 3989. Calculate z(0).
-3989
Let q(l) = 26*l**2 + 60*l - 2148. Determine q(8).
-4
Let x(j) = 2*j**2 - 1472*j + 51700. Give x(37).
-26
Let k(m) = 46835*m - 515193. Calculate k(11).
-8
Let q(x) = -233473*x + 700390. What is q(3)?
-29
Let o(s) = 575*s - 90270. What is o(157)?
5
Let p(t) = 3*t**2 + 39*t - 156. Determine p(-30).
1374
Let h(v) = 272524*v + 1907677. Calculate h(-7).
9
Let t(o) = -101381*o - 101380. Determine t(-1).
1
Let o(u) = u**3 + 16*u**2 - 958008*u - 5748415. Determine o(-6).
-7
Let b(k) = -105*k**3 + 37806*k**2 - 2162*k + 714. Calculate b(360).
-6
Let s(h) = 11414*h - 114111. Give s(10).
29
Let m(b) = 1783*b + 3485. Give m(-2).
-81
Let h(m) = 15721*m + 15729. Determine h(-1).
8
Let v(k) = 96*k**3 + 678*k**2 - 62*k - 734. Determine v(-7).
-6
Let t(y) = -2186*y + 134249. Calculate t(61).
903
Let w(c) = -c + 1751. Give w(95).
1656
Let x(n) = 19*n**3 + 123*n**2 - 199*n - 35. Calculate x(-8).
-299
Let r(d) = 26*d**2 - 418*d - 322. Calculate r(16).
-354
Let l(m) = 38265*m - 612251. Determine l(16).
-11
Let x(t) = -223154*t + 446279. Give x(2).
-29
Let v(a) = -81*a**2 + 159*a + 106. Determine v(2).
100
Let k(u) = -u**3 - 535*u**2 + 1093*u + 10281. Give k(-537).
78
Let l(m) = 3*m**3 + 77*m**2 - 601*m + 228. Give l(-32).
4
Let v(j) = -2014*j - 15209. What is v(-8)?
903
Let y(p) = 15*p**3 - 153*p**2 + 438*p - 285. Determine y(1).
15
Let s(w) = 7*w**3 + w**2 - 209*w + 900. Calculate s(4).
528
Let g(z) = 2*z**3 - 32*z**2 - 935*z + 166. What is g(31)?
11
Let n(j) = -j**3 - 10*j**2 + 17*j + 1. Calculate n(3).
-65
Let y(x) = 15362*x - 10493. Determine y(1).
4869
Let k(x) = -16*x**3 + x**2 + 2101*x - 6329. Determine k(3).
-449
Let j(d) = -465*d - 40877. Give j(-87).
-422
Let z(c) = c**3 - 43*c**2 - 930*c + 230. What is z(-16)?
6
Let h(w) = -13256*w - 80782. Give h(-6).
-1246
Let m(c) = -c**2 + 4092*c + 287165. Calculate m(-69).
56
Let j(d) = -d**3 + 70*d**2 - 60*d - 4874. Calculate j(68).
294
Let d(s) = 875*s - 45455. Calculate d(52).
45
Let k(u) = -886*u**2 - 4448*u - 8. Give k(-5).
82
Let c(v) = 971*v**2 - 1884*v + 5. Calculate c(2).
121
Let f(d) = 2267*d + 215373. Calculate f(-95).
8
Let b(w) = 32037*w + 384553. Give b(-12).
109
Let o(w) = -163976*w - 1639755. Calculate o(-10).
5
Let b(k) = -3*k**3 + 76*k**2 - 541*k + 753. Determine b(12).
21
Let j(t) = -t**3 - 37*t**2 - 68*t - 1005. Calculate j(-37).
1511
Let l(u) = -401*u + 7479. Calculate l(19).
-140
Let w(h) = -4615*h + 28912. What is w(7)?
-3393
Let a(x) = 363*x**3 - 6901*x**2 + 67*x + 61. Calculate a(19).
-110
Let m(g) = -36*g**2 + 775*g + 794. Determine m(-1).
-17
Let u(h) = h**2 + 23830*h + 1805325. Give u(-76).
21
Let u(z) = z**3 - 18*z**2 + 15*z - 203. Calculate u(18).
67
Let m(c) = c**3 - 41*c**2 + 261*c + 494. Calculate m(10).
4
Let c(h) = h**2 + 3417*h + 480683. Give c(-147).
-7
Let b(a) = -a**3 + 73*a**2 + 953*a + 5658. Determine b(85).
-37
Let o(z) = -4*z**2 - z + 34. What is o(-20)?
-1546
Let n(a) = 5*a**2 - 1822*a + 50549. Calculate n(30).
389
Let f(l) = -l**3 - 11*l**2 + 55*l - 469. Give f(-15).
-394
Let a(j) = 3*j**3 + 202*j**2 - 138*j - 276. Determine a(-68).
-140
Let s(u) = -2*u**2 - 85*u - 549. Calculate s(-8).
3
Let w(c) = -4*c**3 + 9*c**2 - 45*c - 425. Determine w(-7).
1703
Let z(w) = 157*w**2 - 80*w - 203. Give z(-3).
1450
Let f(b) = 3808*b + 57161. Determine f(-15).
41
Let w(z) = -3*z**3 + 1412*z**2 + 31481*z + 3509. Determine w(492).
65
Let o(x) = x**3 + 100*x**2 - 791*x - 8. Determine o(7).
-302
Let x(m) = -24*m**2 + 12944*m - 55496. What is x(535)?
144
Let p(i) = -762830*i + 3051354. What is p(4)?
34
Let t(m) = 271119*m - 8133561. What is t(30)?
9
Let r(c) = 20*c**3 - 2298*c**2 - 220*c - 198. Calculate r(115).
952
Let c(i) = -29*i**3 + 17*i**2 - 68*i - 12. Give c(4).
-1868
Let l(n) = 16*n**2 - 478*n + 3597. Calculate l(15).
27
Let s(j) = -2*j**2 - 96*j + 395. Calculate s(-51).
89
Let s(u) = -2*u**3 - 14*u**2 - 3*u + 92. Give s(-6).
38
Let h(o) = 1901654*o - 39934727. Calculate h(21).
7
Let v(k) = 974*k + 353620. Calculate v(-363).
58
Let i(l) = 2820*l + 268644. Determine i(-95).
744
Let j(w) = 346*w + 23232. Give j(-46).
7316
Let l(b) = -b**2 + 1375*b + 63933. Give l(-45).
33
Let w(c) = 45*c**2 + 21135*c + 14049. What is w(-469)?
-21
Let n(w) = -w**3 - 93*w**2 - 139*w + 4181. What is n(-91)?
268
Let m(u) = 115*u**2 + 10*u + 12. Determine m(-1).
117
Let v(y) = -y**2 + 14833*y + 3954789. Determine v(-262).
-101
Let c(u) = 2*u**3 + 165*u**2 + 2375*u + 455. What is c(-64)?
7
Let n(i) = -i**2 + 297*i - 9182. What is n(35)?
-12
Let a(p) = -19*p**3 + 61*p**2 - 17*p - 77. What is a(6)?
-2087
Let w(x) = -x**3 - 14*x**2 - 217*x - 1124. What is w(-7)?
52
Let x(j) = -j**3 - 107*j**2 - 1241*j - 50. Give x(-13).
197
Let n(b) = 44*b**2 + 3529*b + 10876. Determine n(-77).
19
Let t(p) = -1137*p - 6705. Determine t(-5).
-1020
Let v(r) = 3*r**2 - 54*r - 4860. Determine v(51).
189
Let d(z) = -188252*z + 17883943. Calculate d(95).
3
Let s(z) = 77199*z - 1389594. Give s(18).
-12
Let b(w) = 5*w**2 + 14824*w + 133069. Determine b(-9).
58
Let r(s) = 2*s**3 + 668*s**2 + 4591*s + 4177. What is r(-327)?
-74
Let i(g) = 3*g**2 + 488*g - 14822. What is i(31)?
3189
Let y(r) = -10864*r + 478114. Give y(44).
98
Let y(u) = -104*u**2 - 3845*u - 3788. Give y(-36).
-152
Let j(k) = 38*k**3 + 4*k**2 - 50*k + 47. Give j(1).
39
Let x(f) = -3*f**3 - 143*f**2 - 117*f - 907. Give x(-47).
174
Let r(j) = j**3 - 57*j**2 - 3099*j + 350. Determine r(91).
-105
Let f(b) = 1108*b - 995. Determine f(1).
113
Let k(c) = 5*c**3 + 1577*c**2 + 634*c + 1237. Calculate k(-315).
-23
Let c(z) = -25022*z + 5204580. Determine c(208).
4
Let t(y) = y**2 - 45192*y - 180762. Calculate t(-4).
22
Let d(i) = -340314*i - 1361251. What is d(-4)?
5
Let x(v) = -692*v + 10382. Give x(16).
-690
Let h(b) = 26*b**2 + 457*b - 2668. Give h(6).
1010
Let l(x) = -8*x + 2217. Give l(58).
1753
Let o(f) = f**2 + 527*f + 67876. Determine o(-224).
4
Let u(v) = -74*v**3 + 394*v**2 + 97*v + 5. What is u(7)?
-5392
Let q(b) = b**3 + 113*b**2 - 460*b - 320. What is q(-117)?
-1256
Let r(p) = 35*p - 923. What is r(22)?
-153
Let m(h) = -h**3 + 55*h**2 - 282*h - 10068. What is m(43)?
-6
Let m(k) = -37322*k - 1082377. What is m(-29)?
-39
Let j(f) = -f**3 + 116*f**2 - 129*f + 1218. Determine j(115).
-392
Let q(z) = -75936*z - 5847068. Calc